{"id":193,"date":"2025-02-10T12:29:17","date_gmt":"2025-02-10T12:29:17","guid":{"rendered":"https:\/\/xn--festivaldecinepequeo-m7b.es\/bloodtoberfest\/?page_id=193"},"modified":"2026-01-15T18:55:55","modified_gmt":"2026-01-15T18:55:55","slug":"bases-castellano","status":"publish","type":"page","link":"https:\/\/xn--festivaldecinepequeo-m7b.es\/bloodtoberfest\/bases-castellano\/","title":{"rendered":"Bases castellano"},"content":{"rendered":"\n<p>1. El Bloodtober Fest es un festival de cine independiente especializado en los g\u00e9neros de t<strong>error, fantas\u00eda y ciencia ficci\u00f3n<\/strong>.<\/p>\n\n\n\n<p>2. El festival tiene car\u00e1cter internacional. Se admiten c<strong>ortometrajes de cualquier nacionalidad<\/strong> que hayan sido <strong>producidos a partir del 1 de enero de 202<\/strong>4. Si el idioma original de la obra es diferente al castellano o valenciano, deber\u00e1 incluir subt\u00edtulos en alguno de estos dos idiomas.<\/p>\n\n\n\n<p><strong>3. Secciones<\/strong><\/p>\n\n\n\n<ul class=\"wp-block-list\">\n<li><strong>Ficci\u00f3n:<\/strong> Cortometrajes de imagen real en los g\u00e9neros de terror, fantas\u00eda o ciencia ficci\u00f3n, con una duraci\u00f3n m\u00e1xima de 30 minutos.<\/li>\n<\/ul>\n\n\n\n<ul class=\"wp-block-list\">\n<li><strong>Animaci\u00f3n:<\/strong> Cortometrajes realizados mediante animaci\u00f3n tradicional, stop motion, 3D, rotoscopia, entre otras t\u00e9cnicas, en los g\u00e9neros de terror, fantas\u00eda o ciencia ficci\u00f3n, con una duraci\u00f3n m\u00e1xima de 30 minutos.<\/li>\n<\/ul>\n\n\n\n<p><strong>4. Plataformas de inscripci\u00f3n<\/strong><\/p>\n\n\n\n<p>Todos los cortometrajes deben inscribirse a trav\u00e9s de las plataformas asociadas de <strong><a href=\"https:\/\/filmmakers.festhome.com\/es\/festival\/bloodtober-fest\">Festhome<\/a><\/strong>.<\/p>\n\n\n\n<p><strong>5. Deadline<\/strong><\/p>\n\n\n\n<p>La apertura de plazo de inscripci\u00f3n de pel\u00edculas se abrir\u00e1 el&nbsp;<strong>1&nbsp;de abril&nbsp;de 202<\/strong>6&nbsp;y se cerrar\u00e1 el&nbsp;<strong>30&nbsp;de&nbsp;abril&nbsp;de 202<\/strong>6.<\/p>\n\n\n\n<p><strong>6. Selecci\u00f3n de obras y derechos de exhibici\u00f3n<\/strong><\/p>\n\n\n\n<p>Un comit\u00e9 de selecci\u00f3n se encargar\u00e1 de visionar las pel\u00edculas y de seleccionar las finalistas que se incorporar\u00e1n a la programaci\u00f3n del festival. L<strong>a resoluci\u00f3n del comit\u00e9 se notificar\u00e1 a todos y a todas las participantes mediante las plataformas de inscripci\u00f3n<\/strong>, previamente a la publicaci\u00f3n de la lista de t\u00edtulos seleccionados.<\/p>\n\n\n\n<p>A las obras seleccionadas se les requerir\u00e1 una <strong>copia de proyecci\u00f3n en contenedor .mov o .mp4<\/strong> que podr\u00e1n enviar utilizando cualquier medio digital de env\u00edo de archivos.<\/p>\n\n\n\n<p>Los propietarios de los derechos de explotaci\u00f3n de las pel\u00edculas seleccionadas <strong>ceder\u00e1n los derechos de exhibici\u00f3n \u00fanicamente dentro de la programaci\u00f3n del festival<\/strong>. En ning\u00fan caso el festival ceder\u00e1 la obra a terceros, ni la difundir\u00e1 \u00edntegra o parcialmente a trav\u00e9s de Internet u otros medios digitales.<\/p>\n\n\n\n<p><strong>7. Premios<\/strong><\/p>\n\n\n\n<p>Premio del p\u00fablico al mejor cortometraje: dotado con 300\u20ac + trofeo.<\/p>\n\n\n\n<p>El galard\u00f3n se entregar\u00e1 durante la gala de clausura del 14\u00ba Festival Internacional de Cine Peque\u00f1o, en el mes de agosto de 2027.<\/p>\n\n\n\n<p><strong>8. Lugar y fechas de celebraci\u00f3n del festival<\/strong><\/p>\n\n\n\n<p>El festival se celebrar\u00e1 del <strong>30 de octubre al 1 de noviembre de 202<\/strong>6 en el Auditorio Periodista \u00c1ngel Mar\u00eda Boronat de Aspe (Alicante).<\/p>\n\n\n\n<p><strong>9. Aceptaci\u00f3n de las bases<\/strong><\/p>\n\n\n\n<p>La inscripci\u00f3n y env\u00edo de la obra supone la aceptaci\u00f3n de las presentes bases.<\/p>\n\n\n\n<p><strong>10. Organiza<\/strong><\/p>\n\n\n\n<p>Concejal\u00eda de Cultura del Ayuntamiento de Aspe<br>Concejal\u00eda de Fiestas del Ayuntamiento de Aspe<br>Festival Internacional de Cine Peque\u00f1o<\/p>\n\n\n\n<p><strong>11. Para m\u00e1s informaci\u00f3n<\/strong><\/p>\n\n\n\n<p>Mail: bloodtoberfest@gmail.com<\/p>\n\n\n\n<p>Web:&nbsp;<a href=\"https:\/\/xn--festivaldecinepequeo-m7b.es\/bloodtoberfest\/\">festivaldecinepeque\u00f1o.es\/bloodtoberfest<\/a><\/p>\n\n\n\n<p>Redes sociales:&nbsp;<a href=\"https:\/\/www.facebook.com\/festivaldecinepequeno\">Facebook&nbsp;<\/a>\/&nbsp;<a href=\"https:\/\/x.com\/pequefestival\">X&nbsp;<\/a>\/&nbsp;<a href=\"https:\/\/www.instagram.com\/pequefestival\">Instagram<\/a><\/p>\n\n\n\n<div class=\"wp-block-buttons is-layout-flex wp-block-buttons-is-layout-flex\">\n<div class=\"wp-block-button\"><a class=\"wp-block-button__link has-vivid-red-background-color has-background wp-element-button\" href=\"https:\/\/xn--festivaldecinepequeo-m7b.es\/bloodtoberfest\/wp-content\/uploads\/2026\/01\/Bases-III-Bloodtober-Fest-Castellano.pdf\"><strong>Descarga bases<\/strong><\/a><\/div>\n<\/div>\n","protected":false},"excerpt":{"rendered":"<p> [&hellip;]<\/p>\n","protected":false},"author":1,"featured_media":0,"parent":0,"menu_order":0,"comment_status":"closed","ping_status":"closed","template":"","meta":{"footnotes":""},"class_list":["post-193","page","type-page","status-publish","hentry"],"_links":{"self":[{"href":"https:\/\/xn--festivaldecinepequeo-m7b.es\/bloodtoberfest\/wp-json\/wp\/v2\/pages\/193","targetHints":{"allow":["GET"]}}],"collection":[{"href":"https:\/\/xn--festivaldecinepequeo-m7b.es\/bloodtoberfest\/wp-json\/wp\/v2\/pages"}],"about":[{"href":"https:\/\/xn--festivaldecinepequeo-m7b.es\/bloodtoberfest\/wp-json\/wp\/v2\/types\/page"}],"author":[{"embeddable":true,"href":"https:\/\/xn--festivaldecinepequeo-m7b.es\/bloodtoberfest\/wp-json\/wp\/v2\/users\/1"}],"replies":[{"embeddable":true,"href":"https:\/\/xn--festivaldecinepequeo-m7b.es\/bloodtoberfest\/wp-json\/wp\/v2\/comments?post=193"}],"version-history":[{"count":12,"href":"https:\/\/xn--festivaldecinepequeo-m7b.es\/bloodtoberfest\/wp-json\/wp\/v2\/pages\/193\/revisions"}],"predecessor-version":[{"id":436,"href":"https:\/\/xn--festivaldecinepequeo-m7b.es\/bloodtoberfest\/wp-json\/wp\/v2\/pages\/193\/revisions\/436"}],"wp:attachment":[{"href":"https:\/\/xn--festivaldecinepequeo-m7b.es\/bloodtoberfest\/wp-json\/wp\/v2\/media?parent=193"}],"curies":[{"name":"wp","href":"https:\/\/api.w.org\/{rel}","templated":true}]}}

<p>1. El Bloodtober Fest es un festival de cine independiente especializado en los géneros de t<strong>error, fantasía y ciencia ficción</strong>.</p>



<p>2. El festival tiene carácter internacional. Se admiten c<strong>ortometrajes de cualquier nacionalidad</strong> que hayan sido <strong>producidos a partir del 1 de enero de 202</strong>4. Si el idioma original de la obra es diferente al castellano o valenciano, deberá incluir subtítulos en alguno de estos dos idiomas.</p>



<p><strong>3. Secciones</strong></p>



<ul class="wp-block-list">
<li><strong>Ficción:</strong> Cortometrajes de imagen real en los géneros de terror, fantasía o ciencia ficción, con una duración máxima de 30 minutos.</li>
</ul>



<ul class="wp-block-list">
<li><strong>Animación:</strong> Cortometrajes realizados mediante animación tradicional, stop motion, 3D, rotoscopia, entre otras técnicas, en los géneros de terror, fantasía o ciencia ficción, con una duración máxima de 30 minutos.</li>
</ul>



<p><strong>4. Plataformas de inscripción</strong></p>



<p>Todos los cortometrajes deben inscribirse a través de las plataformas asociadas de <strong><a href="https://filmmakers.festhome.com/es/festival/bloodtober-fest">Festhome</a></strong>.</p>



<p><strong>5. Deadline</strong></p>



<p>La apertura de plazo de inscripción de películas se abrirá el&nbsp;<strong>1&nbsp;de abril&nbsp;de 202</strong>6&nbsp;y se cerrará el&nbsp;<strong>30&nbsp;de&nbsp;abril&nbsp;de 202</strong>6.</p>



<p><strong>6. Selección de obras y derechos de exhibición</strong></p>



<p>Un comité de selección se encargará de visionar las películas y de seleccionar las finalistas que se incorporarán a la programación del festival. L<strong>a resolución del comité se notificará a todos y a todas las participantes mediante las plataformas de inscripción</strong>, previamente a la publicación de la lista de títulos seleccionados.</p>



<p>A las obras seleccionadas se les requerirá una <strong>copia de proyección en contenedor .mov o .mp4</strong> que podrán enviar utilizando cualquier medio digital de envío de archivos.</p>



<p>Los propietarios de los derechos de explotación de las películas seleccionadas <strong>cederán los derechos de exhibición únicamente dentro de la programación del festival</strong>. En ningún caso el festival cederá la obra a terceros, ni la difundirá íntegra o parcialmente a través de Internet u otros medios digitales.</p>



<p><strong>7. Premios</strong></p>



<p>Premio del público al mejor cortometraje: dotado con 300€ + trofeo.</p>



<p>El galardón se entregará durante la gala de clausura del 14º Festival Internacional de Cine Pequeño, en el mes de agosto de 2027.</p>



<p><strong>8. Lugar y fechas de celebración del festival</strong></p>



<p>El festival se celebrará del <strong>30 de octubre al 1 de noviembre de 202</strong>6 en el Auditorio Periodista Ángel María Boronat de Aspe (Alicante).</p>



<p><strong>9. Aceptación de las bases</strong></p>



<p>La inscripción y envío de la obra supone la aceptación de las presentes bases.</p>



<p><strong>10. Organiza</strong></p>



<p>Concejalía de Cultura del Ayuntamiento de Aspe<br>Concejalía de Fiestas del Ayuntamiento de Aspe<br>Festival Internacional de Cine Pequeño</p>



<p><strong>11. Para más información</strong></p>



<p>Mail: bloodtoberfest@gmail.com</p>



<p>Web:&nbsp;<a href="https://xn--festivaldecinepequeo-m7b.es/bloodtoberfest/">festivaldecinepequeño.es/bloodtoberfest</a></p>



<p>Redes sociales:&nbsp;<a href="https://www.facebook.com/festivaldecinepequeno">Facebook&nbsp;</a>/&nbsp;<a href="https://x.com/pequefestival">X&nbsp;</a>/&nbsp;<a href="https://www.instagram.com/pequefestival">Instagram</a></p>



<div class="wp-block-buttons is-layout-flex wp-block-buttons-is-layout-flex">
<div class="wp-block-button"><a class="wp-block-button__link has-vivid-red-background-color has-background wp-element-button" href="https://xn--festivaldecinepequeo-m7b.es/bloodtoberfest/wp-content/uploads/2026/01/Bases-III-Bloodtober-Fest-Castellano.pdf"><strong>Descarga bases</strong></a></div>
</div>
